et o(r) = -66855*r + 1203399. Calculate o(18).
9
Let i(n) = -4*n**3 - 28*n**2 - 1365*n - 9532. Calculate i(-7).
23
Let f(d) = 6*d**2 + 117*d + 341. Calculate f(-3).
44
Let h(t) = -7341*t - 7339. What is h(-1)?
2
Let f(y) = 42*y**2 + 1052*y + 134. Determine f(-26).
1174
Let h(f) = 2*f**3 + 43*f**2 - 925*f - 130. What is h(13)?
-494
Let a(t) = -463*t**2 + 40*t + 75. Give a(-2).
-1857
Let b(o) = -289*o - 7329. Calculate b(-29).
1052
Let z(j) = -2*j**2 + 431*j - 11286. Give z(185).
-1
Let l(u) = -4561*u + 5591756. Determine l(1226).
-30
Let k(i) = -30*i**3 - 962*i**2 + 933*i + 286. What is k(-33)?
-11
Let x(c) = -95*c**2 - 149*c + 343. Determine x(4).
-1773
Let h(q) = q**3 - 141*q**2 + 3164*q - 11. Calculate h(28).
-11
Let m(t) = 212*t + 5115. Give m(-10).
2995
Let c(i) = 2*i**2 - 1789*i + 225719. Determine c(152).
-1
Let a(w) = 23*w**3 + 708*w**2 + 534*w - 116. Give a(-30).
64
Let h(w) = 6*w**3 + 238*w**2 - 654*w - 31572. Calculate h(-39).
18
Let v(c) = 2*c**3 - 115*c**2 + 144*c - 157. Determine v(56).
-1501
Let x(i) = -i**3 + 140*i**2 + 508*i - 11314. Give x(143).
-17
Let u(m) = -25564*m + 178976. Determine u(7).
28
Let t(f) = 4*f**2 + 224*f - 1506. Determine t(7).
258
Let s(h) = 2167*h**2 + 1848*h - 6. Determine s(-2).
4966
Let q(z) = 91*z**2 + 2878*z + 1788. What is q(-31)?
21
Let u(q) = 4*q**3 + 492*q**2 + 1492*q + 6239. Calculate u(-120).
-1
Let g(s) = -5180*s**3 + 20720*s**2 - 53*s + 206. Calculate g(4).
-6
Let u(n) = -10*n**3 - 98*n**2 + 9*n + 174. Give u(-10).
284
Let r(q) = 19*q**3 + 24*q**2 + 33*q - 89. Calculate r(-3).
-485
Let q(l) = 8154*l**2 + 130473*l + 71. Determine q(-16).
-73
Let d(v) = 2404*v - 437523. Calculate d(182).
5
Let x(y) = y**3 + 178*y**2 + 329*y - 4069. Determine x(-176).
-21
Let i(c) = 1372*c - 353480. Calculate i(258).
496
Let l(j) = -27543*j - 43710732. Calculate l(-1587).
9
Let k(c) = 41*c**2 - 886*c + 672. Give k(21).
147
Let o(s) = 13178*s + 65895. Determine o(-5).
5
Let t(n) = 1839518*n - 20234696. Give t(11).
2
Let x(a) = a**2 - 668*a - 13111. Calculate x(-19).
-58
Let y(l) = -13*l**2 - 145*l - 355. Determine y(-15).
-1105
Let x(i) = -26359*i - 52727. Give x(-2).
-9
Let f(w) = w**2 + 360*w + 12662. What is f(-47)?
-2049
Let v(r) = 19*r**2 - 981*r + 8080. Determine v(41).
-202
Let u(h) = -39648*h + 634164. What is u(16)?
-204
Let x(h) = -18*h**2 + 257*h - 48. Calculate x(14).
22
Let k(c) = -3*c**2 + 1032*c - 38047. Give k(42).
5
Let b(w) = -w**3 + 16*w**2 + 35*w - 190. What is b(6)?
380
Let s(b) = -5*b**3 - 337*b**2 + 229*b + 1751. Determine s(-68).
51
Let t(f) = 5*f**3 - 182*f**2 - 1041*f - 32. Give t(-5).
-2
Let m(g) = -g**3 - 8*g**2 - 15*g - 740. What is m(-12)?
16
Let m(p) = 2909*p + 1151966. Determine m(-396).
2
Let j(o) = 114*o**2 + 788*o - 81. Give j(-7).
-11
Let o(f) = -102*f**2 + 2044*f + 32. What is o(19)?
2046
Let g(v) = -v**2 - 87*v - 2164. Determine g(-67).
-824
Let i(y) = -156*y - 8262. Calculate i(-39).
-2178
Let f(s) = -10*s**3 + 1452*s**2 - 30*s - 37700. What is f(145)?
0
Let y(p) = -589*p - 2072. Determine y(-3).
-305
Let f(w) = -21*w**2 - 270*w - 231. Determine f(-12).
-15
Let g(h) = 4*h**3 + 104*h**2 - 8541*h + 2. Calculate g(35).
-33
Let f(q) = 2*q**2 + 3929*q - 593720. Determine f(141).
31
Let v(q) = q**3 - 12*q**2 - 243*q - 687. Give v(24).
393
Let q(b) = -b**3 + 7*b**2 + 5*b + 64. What is q(13)?
-885
Let o(i) = 1480*i**2 - 4415*i - 47. Determine o(3).
28
Let i(q) = -12*q**2 + 2996*q - 24987. Determine i(241).
77
Let w(v) = 3*v**3 - 11*v**2 + 23*v - 195. Calculate w(6).
195
Let z(k) = k**3 - 36*k**2 - 1047*k + 176. Calculate z(55).
66
Let d(n) = 3815*n + 76314. What is d(-20)?
14
Let c(b) = 3139*b - 587134. Calculate c(187).
-141
Let j(x) = x**3 - 64*x**2 - 651*x - 56. Determine j(73).
382
Let t(k) = -5*k**3 + 68*k**2 + 80*k - 902. What is t(14)?
-174
Let u(j) = j**3 + 118*j**2 - 3167*j - 1765. Give u(23).
-17
Let v(j) = -692*j**2 + 40823*j + 234. Determine v(59).
-61
Let p(r) = -3*r**3 + 280*r**2 + 159*r - 23426. What is p(93)?
10
Let a(j) = -7*j**2 + 304*j + 391. Calculate a(45).
-104
Let a(f) = f**3 - 26*f**2 - 1908*f - 13860. What is a(61)?
-13
Let c(q) = -3161*q - 107480. Determine c(-34).
-6
Let v(d) = -3*d**3 - 654*d**2 - 12408*d + 45. Calculate v(-21).
-18
Let h(p) = -3*p**3 + 218*p**2 + 267*p - 14475. Calculate h(73).
-313
Let i(y) = -2*y**2 - 2023*y - 419513. Give i(-291).
-182
Let b(q) = -821*q - 13161. Calculate b(-16).
-25
Let l(x) = -6*x**2 + 2487*x - 3704. Give l(413).
13
Let c(l) = -4*l**2 - 4*l + 1466. What is c(22)?
-558
Let u(h) = -20*h**2 + 1231*h - 17025. Give u(21).
6
Let d(x) = 2*x**2 - 68. Determine d(17).
510
Let g(t) = 159953*t - 2239352. Calculate g(14).
-10
Let m(o) = 9*o**3 - 119*o**2 + 25*o + 133. What is m(14)?
1855
Let w(k) = 919*k + 144276. Calculate w(-157).
-7
Let j(r) = -66*r - 1124. Give j(-23).
394
Let w(p) = 22*p**2 - 34*p + 59. Calculate w(2).
79
Let q(d) = -d**3 - 231*d**2 + 455*d - 2628. Give q(-233).
-65
Let p(s) = -17*s**2 + 1290*s + 9792. Determine p(-7).
-71
Let h(u) = -108117*u + 216251. Calculate h(2).
17
Let l(t) = -t**3 + 8*t**2 + 3576*t + 1133. Determine l(64).
621
Let s(g) = -5*g**2 - 183*g - 1312. Calculate s(-27).
-16
Let n(y) = -46998*y - 94218. What is n(-2)?
-222
Let s(a) = -1248*a + 19838. Determine s(16).
-130
Let g(y) = y**2 + 90*y + 610. What is g(-9)?
-119
Let v(m) = 4*m**3 - 10*m**2 - 552*m + 1628. Determine v(3).
-10
Let j(n) = -n**3 + 65*n**2 - 356*n + 106. Determine j(59).
-12
Let g(l) = -2*l**3 + 4*l**2 + 149*l - 737. Determine g(8).
-313
Let h(k) = -11060*k + 851647. Calculate h(77).
27
Let j(m) = -11*m + 3561. Determine j(12).
3429
Let u(v) = 1029755*v + 7. What is u(0)?
7
Let k(l) = -5*l - 192. Give k(-63).
123
Let m(j) = -1860*j + 10840. Determine m(5).
1540
Let s(p) = p**3 + 170*p**2 - 2185*p - 1111. Give s(-182).
-929
Let p(q) = -q**3 - 53*q**2 + 1272*q - 437. Give p(-71).
-11
Let j(b) = -61*b**2 - 311*b + 271. Give j(-6).
-59
Let d(m) = -2*m**2 + 74*m - 540. Calculate d(22).
120
Let s(i) = 65*i**2 + 10143*i + 422. Give s(-156).
-46
Let d(n) = 4*n**3 + 235*n**2 - 197*n - 21515. Determine d(-58).
3
Let d(l) = -l**3 - 45*l**2 + 246*l + 2431. Calculate d(-49).
-19
Let q(g) = -5*g**3 - 31*g**2 + 123*g + 724. Give q(-6).
-50
Let m(p) = -5589*p - 94900. Give m(-17).
113
Let v(q) = q**3 - 5*q**2 + 338*q - 3146. Give v(9).
220
Let v(p) = -p**3 - 5*p**2 + 245598*p + 1227996. What is v(-5)?
6
Let p(j) = 14*j**2 + 675*j + 7207. What is p(-16)?
-9
Let j(v) = -5834*v + 81862. Determine j(14).
186
Let t(y) = -190*y - 270. What is t(-9)?
1440
Let z(q) = q**3 + 78*q**2 - 2451*q + 1057. What is z(-102)?
1363
Let p(t) = 78*t**3 + 440*t**2 + 125*t + 12. Give p(-5).
637
Let r(n) = 11*n**3 - 21*n**2 - 21*n + 1. Give r(7).
2598
Let f(s) = 472*s - 84397. What is f(178)?
-381
Let n(t) = -53*t**2 - 189*t - 118. Give n(-4).
-210
Let y(u) = u**3 + 90*u**2 + 974*u + 26083. What is y(-82)?
7
Let p(w) = -w**3 - 142*w**2 - 2504*w + 4473. What is p(-121)?
-4
Let q(x) = -x**3 + 46*x**2 + 1695*x - 1061. What is q(70)?
-11
Let z(p) = 23*p**2 + 34*p + 108. Give z(-5).
513
Let s(q) = -2*q**2 + 289*q + 22008. Determine s(-55).
63
Let z(s) = 5*s**2 + 4763*s + 49910. Determine z(-942).
-16
Let v(b) = -326*b + 8300. Calculate v(25).
150
Let o(c) = -2*c**3 - 214*c**2 + 424*c - 1200. Determine o(-109).
108
Let u(a) = 2028*a + 13531. What is u(-7)?
-665
Let t(n) = -n**3 + 67*n**2 + 9588*n - 117. What is t(-70)?
23
Let i(t) = -962*t**3 - 4*t**2 - 5*t - 4. Determine i(-1).
959
Let v(o) = -2049*o**3 - 10197*o**2 + 248*o - 1. What is v(-5)?
-41
Let f(n) = 15*n**2 - 351*n + 206. Give f(17).
-1426
Let x(n) = -n**3 + 8*n**2 + 72*n - 189. Give x(15).
-684
Let p(h) = -h**3 + 21*h**2 - 112*h + 312. Calculate p(15).
-18
Let o(d) = d**3 + 156*d**2 + 3780*d + 26. Calculate o(-30).
26
Let i(q) = 13*q**3 - 51*q**2 + 284*q + 1. Determine i(5).
1771
Let w(t) = 113873*t - 910989. Determine w(8).
-5
Let y(j) = 611125*j - 3. Determine y(0).
-3
Let b(j) = j**2 + 2145*j + 115256. Calculate b(-55).
306
Let w(b) = -6161*b - 42589. Give w(-7).
538
Let g(h) = h**2 - 651*h - 3892. Calculate g(-6).
50
Let z(u) = -2*u**3 - 94*u**2 + 11*u + 4723. Give z(-46).
-15
Let s(r) = r**3 - 5*r**2 - 315*r - 1525. What is s(-11)?
4
Let t(v) = 64*v**3 + 24*v + 1. What is t(0)?
1
Let d(u) = -2896